))/((-1)/(3084/(-8)))?
7
Let k = -2 + 7. Suppose 0 = k*g - 3*w - 50, 0*g + g - w - 10 = 0. What is the tens digit of g?
1
Let q(b) be the second derivative of b**4/3 - b**3/6 + b**2/2 + 4*b. What is the tens digit of q(-2)?
1
What is the units digit of (-6)/33 + (-1038)/(-22)?
7
Let z = -2 + 7. Suppose 6*c - 2*u = 5*c - 4, 10 = 3*c + z*u. Suppose 6*p - 40 = 2*p - f, -3*p - 5*f + 30 = c. What is the units digit of p?
0
Let r(x) = x**3 + 4*x**2 + 3*x + 1. Let h be r(-2). Let b = h - 0. What is the units digit of b?
3
Let d be 590/18 - 2/(-9). Let s = d + -19. What is the tens digit of s?
1
Let o be 0/(1*(-3)/1). Suppose o = 5*f + 31 - 96. What is the units digit of f?
3
Let p be (0 + 1)*1 + -1. Suppose -3*d - 32 + 119 = p. What is the units digit of d?
9
Let j(k) = k**2 - 3*k + 4. Let i be j(3). What is the tens digit of (-10)/(2*(-2)/i)?
1
Let g = 75 - 48. What is the tens digit of g?
2
Suppose s + 4 = 2*s. Let w be 0/(-2 + s) + 3. Suppose -2*g - w*g + 27 = -3*a, 0 = -5*g + 5*a + 25. What is the units digit of g?
6
Let m(u) = 5*u**2 - 13*u + 15. What is the tens digit of m(7)?
6
Suppose 2*k - 4*u - 6 - 10 = 0, -3*u - 9 = 0. Suppose n - 10 = k. What is the tens digit of n?
1
Let y = 25 + -70. Let k be 2/(-3)*y/10. Suppose -k*l - l = -48. What is the units digit of l?
2
Suppose 2*o + 0 = -26. Let t be -8*(1 + 0 - 0). Let a = t - o. What is the units digit of a?
5
Let h(q) = q**2 - q. What is the units digit of h(2)?
2
What is the units digit of (634/4)/(2/16*4)?
7
Let w = -8 + 13. What is the units digit of (-18)/(-10)*(w + 0)?
9
Let n be (-2)/6*(7 - 1). Let s(t) = -3*t**3 - 3*t**2 - 2*t + 1. What is the tens digit of s(n)?
1
Let v(o) = -7*o + 1. Let h be v(-1). Let u = h + -3. Suppose 0 = -2*w + u*w - 9. What is the units digit of w?
3
Let t(r) = -r**3 - 6*r**2 - 2*r - 7. Let p be t(-6). Let h be (-100)/1*(-1)/2. Suppose -u + 10 = 5*c, p*u - 2*c - h = c. What is the tens digit of u?
1
Let l(a) = -a**2 - 3*a + 4. Let t be l(-4). Suppose t*m - p = m - 19, 5*p = -m + 27. What is the units digit of m?
7
Let a = -23 - -11. What is the tens digit of 8/a*-3 - -28?
3
Suppose 0 = -4*f + 8. Suppose 5*n = 15, 0*o = f*o + 5*n - 33. What is the units digit of o?
9
Let u be ((-38)/8 - -3)*4. Let h(d) = -d + 9. What is the units digit of h(u)?
6
Let m(t) = -28*t - 6. What is the tens digit of m(-4)?
0
Let v be ((-3)/1 - -14)*9. Let z = v - 57. Suppose -o + 4*o = z. What is the units digit of o?
4
Let q be 5/(-4)*(5 - 1). Let d = 8 + q. Suppose d*i - 24 = -3. What is the units digit of i?
7
Let u(a) = -9 + a**2 + 3 - 4 + a**2 + 7*a. Let g be u(-7). Suppose -2*y = 3 - g. What is the units digit of y?
8
Let l(f) = 6*f**3 - 3*f**2 + f + 3. What is the units digit of l(2)?
1
Let i(j) be the second derivative of j + 1/20*j**5 + 0 - 3/2*j**2 + 1/3*j**4 - 1/3*j**3. What is the units digit of i(-4)?
5
Let y(t) = -t + 2. Let m be y(0). Suppose -m*b = b + 3*q - 12, -b = -5*q - 4. Suppose -5*c - 4*h + 37 = 0, b*h = -3*c + h + 24. What is the units digit of c?
5
Let s(b) = -12*b - 10. Let h be s(-12). Suppose 200 = 5*k - 2*o, -3*k + o + h = -3*o. What is the tens digit of k?
3
Let u(c) = c**2 - 5*c - 7. What is the tens digit of u(8)?
1
Let v(w) = w**3 + 7*w**2 - 4*w. Let x(h) = h**3 - 5*h**2 + h + 5. Let k be x(4). What is the tens digit of v(k)?
2
Suppose 108 = 2*m - 346. What is the units digit of m?
7
Let h(r) = 12*r**2. Let a be h(1). What is the units digit of (a + -1)*(-1)/(-1)?
1
Suppose -5*d + 4*d = -8. Let h = 1 + 3. Suppose -4 = -h*l + d. What is the units digit of l?
3
Let a(b) = 2 + 3*b + 0 + b. What is the tens digit of a(4)?
1
Let d = 79 - -91. What is the hundreds digit of d?
1
Let g(a) = -10*a - 5. What is the tens digit of g(-4)?
3
Let y = -34 + 19. Let v = y + 36. What is the units digit of v?
1
Let x = 52 - -24. What is the tens digit of x?
7
Suppose 2*h - 4*r = -0*h + 358, 0 = 3*r + 9. What is the hundreds digit of h?
1
Let g = 620 + -443. What is the hundreds digit of g?
1
Let n be -3*((-336)/(-9))/(-4). Suppose 0 = 2*y - 0*y - n. What is the tens digit of y?
1
Let b(l) = 4*l**3 - 2*l + 1. Let z be b(1). Let m(f) = -4 - f - z*f + 2*f. What is the units digit of m(-5)?
6
Let z(j) = -6 - 3*j**2 + 4*j**2 - j**3 + 4*j**2 + 8*j + 2*j**2. Let o be z(8). Let n = 3 - o. What is the units digit of n?
9
Suppose 2*h - 24 = 4*u, -2*u - 2*u - 32 = -4*h. Let x be 4/3*(-6)/u. What is the units digit of 8/3 + x/6?
3
Suppose 2*a + 4*z - 38 = 4*a, 3*a - z = -77. What is the units digit of (-6)/a*15*3?
0
Let z(y) = 3*y**2. Let u be z(2). What is the tens digit of u + 2 - (2 - 2)?
1
Let j = -4 - -8. Suppose -4*b - 5*f = -22, 0 = -j*b - b + 4*f + 7. Suppose 0 = 3*h - w - 23, 0 = 2*w - b*w - 5. What is the units digit of h?
6
Suppose 0 = 4*a - j + 6*j - 224, -a + 56 = 4*j. Suppose -6*l + a = l. What is the units digit of l?
8
Let o be (-3 - (-4 - -1))/1. What is the tens digit of (o - -1)/(5/190)?
3
Let h be 2*-1*(-6)/6. Let q(u) = 2*u**3 - 4*u**2 + 2*u + 1. Let y be q(h). Suppose -38 = -4*p + g - 2*g, -5*p - y*g + 55 = 0. What is the units digit of p?
9
Let z be (10/(-4))/(4/(-8)). Suppose -3*f = 2*p - 94, -z*f + 3*p = -p - 164. What is the units digit of f?
2
What is the units digit of (-36)/2*3/(-6)?
9
Suppose j + 4*n + 5 = 0, -2*j = -5*n + n - 50. What is the tens digit of j?
1
Let n = -11 - -11. Suppose n = -o + 6*o - 220. What is the units digit of o?
4
Suppose -4*y + 46 = 4*x - 30, 0 = 2*y - 5*x - 10. Suppose 0 = -2*b + 5*h + y - 4, b + 4*h = 38. What is the tens digit of b?
1
What is the hundreds digit of 4 - 6/3 - -169?
1
Suppose -5*x - 3*j + 218 = 0, 2*x + 3*j = -2*x + 172. What is the tens digit of x?
4
Suppose 2*v + v = 6. What is the tens digit of (-1)/(-2) + 29/v?
1
Suppose 0 = 2*z - 1 - 5. Suppose 0 = 5*o - z*d - 8, 6*d = o + d + 16. Suppose -o*x + 3*u = -56, 3*x + u - 38 = x. What is the tens digit of x?
1
Let t = -4 + 5. Let j be (-4)/(-5)*(4 + t). Suppose -u - 33 = -j*u. What is the units digit of u?
1
Let y(q) = 0*q + 1 + 7*q - q. What is the units digit of y(3)?
9
Let m = 7 + -4. Let v(p) = -3*p + 3 + 1 - m. What is the units digit of v(-2)?
7
Let r(t) be the second derivative of t**5/20 - t**4/2 + 2*t**3/3 - 2*t**2 - 2*t. Let y be r(5). Let z = y - -16. What is the units digit of z?
7
Suppose 0 = 3*q + 5*q - 624. What is the units digit of q?
8
Suppose 0 = -5*n - 4*x + 35, 4*n - 3*x + 13 = 2*x. Suppose 3*q - 138 = -n*q. What is the units digit of q?
3
What is the tens digit of (-724)/(-14) + 0 - (-8)/28?
5
Suppose -3*b + 16 - 4 = 0. Suppose b*f = 164 - 16. What is the units digit of f?
7
Let k(p) = -38*p**3 + 2*p**2 - 4*p - 7. What is the hundreds digit of k(-2)?
3
Suppose 5*a + 2*a - 574 = 0. What is the units digit of a?
2
Suppose -x + 1 + 30 = 0. Let d = 64 - x. What is the tens digit of d?
3
What is the tens digit of ((-39)/12)/(1/(-4))?
1
Let u(l) = 2*l**2 + 5*l - 10. What is the tens digit of u(-7)?
5
Let j be (-118)/(-20)*-2*-5. Suppose 3*h - 31 = 2*w - 88, -2*w = -h - j. What is the units digit of w?
0
Suppose n + 2*a = -a - 13, 0 = -5*a - 20. Let r = n - 1. What is the units digit of 2*r*9/(-6)?
6
Let g = 32 - -1. Suppose 0 = 4*u - g + 5. What is the units digit of u?
7
Let z(f) = -f**2 - 4*f + 3. Let l(a) = a**2 + 2*a**2 + 11*a - 3*a - 7. Let m(q) = 2*l(q) + 5*z(q). What is the units digit of m(4)?
1
Let c(u) = 5*u**2 - 5*u + 4. Let k be c(3). Suppose k = -5*h + 7*h. What is the units digit of h?
7
Let z = 42 + -20. What is the units digit of z?
2
Let l(d) = -d + 1. Let o(v) = -8*v - 5. Let i(x) = 4*l(x) - o(x). Let b be i(-8). Let j = -14 - b. What is the units digit of j?
9
Suppose 0*p = 3*p - 270. What is the units digit of p?
0
Let i(m) = -m + 6. Let h be i(6). Let d be (2 + -5)*(-1 + h). Suppose 0*u + d*u - 3 = 0. What is the units digit of u?
1
Let z be ((-174)/4)/((-6)/8). Let w be z/(-6) - 5/15. What is the units digit of w/(-4)*(7 - 3)?
0
Let c be 5/((-18)/(-21) - 1). Let z be c*1*(-8)/20. Let y = z + -7. What is the units digit of y?
7
Let l(n) = n**3 - 5*n**2 + 5*n - 3. Let x be l(4). Suppose 0 = -3*o - x - 14. Let h = 14 + o. What is the units digit of h?
9
What is the hundreds digit of 49/(12/(-16) - -1)?
1
Suppose -3*q = 1 + 17. What is the tens digit of 4/q*(-117)/6?
1
Let v(p) = 60*p**2 + 4*p + 3. What is the units digit 